{"id":622,"date":"2018-12-21T13:04:53","date_gmt":"2018-12-21T13:04:53","guid":{"rendered":"https:\/\/owln.eu\/?page_id=622"},"modified":"2019-01-17T12:51:02","modified_gmt":"2019-01-17T12:51:02","slug":"services-2","status":"publish","type":"page","link":"https:\/\/owln.eu\/?page_id=622&lang=de","title":{"rendered":"Services"},"content":{"rendered":"<section class=\"wpb-content-wrapper\">[vc_row fullwidth=&#8221;true&#8221; equal_columns=&#8221;true&#8221; css=&#8221;.vc_custom_1542291955152{margin-top: 0px !important;margin-right: 0px !important;margin-bottom: 0px !important;margin-left: 0px !important;padding-top: 0px !important;padding-right: 20px !important;padding-bottom: 0px !important;padding-left: 20px !important;background-color: #f4f4f4 !important;}&#8221;][vc_column width=&#8221;1\/2&#8243;][mk_custom_box padding_vertical=&#8221;40&#8243; padding_horizental=&#8221;40&#8243; margin_bottom=&#8221;0&#8243; min_height=&#8221;450&#8243; bg_color=&#8221;#ffffff&#8221; background_hov_color_style=&#8221;image&#8221; bg_stretch=&#8221;true&#8221;][vc_custom_heading text=&#8221;Unsere Leistungen&#8221; font_container=&#8221;tag:h2|font_size:30|text_align:left|color:%23c10000|line_height:bold&#8221; google_fonts=&#8221;font_family:PT%20Sans%20Narrow%3Aregular%2C700|font_style:700%20bold%20regular%3A700%3Anormal&#8221; css_animation=&#8221;left-to-right&#8221; css=&#8221;.vc_custom_1545397534235{padding-top: 35px !important;}&#8221;][vc_custom_heading text=&#8221;Unser Schwerpunkt liegt vorrangig auf Massenguttransporten wie internationale Transporte f\u00fcr Energie- und Stahlbetriebe (Kohle, Eisenerz, Kalk, Brammen); Transporte von landwirtschaftlichen Produkten und Sch\u00fcttgut aller Art&#8221; font_container=&#8221;tag:h3|font_size:24|text_align:left|color:%23606060&#8243; google_fonts=&#8221;font_family:PT%20Sans%20Narrow%3Aregular%2C700|font_style:400%20regular%3A400%3Anormal&#8221; css=&#8221;.vc_custom_1545397565515{margin-right: 0px !important;padding-top: 10px !important;padding-right: 0px !important;}&#8221;][mk_divider style=&#8221;thin_solid&#8221; divider_width=&#8221;custom_width&#8221; custom_width=&#8221;87&#8243; align=&#8221;left&#8221; thin_single_color=&#8221;#c10000&#8243; thickness=&#8221;3&#8243; margin_top=&#8221;15&#8243; margin_bottom=&#8221;15&#8243; animation=&#8221;left-to-right&#8221;][vc_custom_heading text=&#8221;Kundenorientiert, sorgen wir f\u00fcr Qualit\u00e4t in allen Bereichen, vom Einkauf bis zum Kundensupport rund um die Uhr. Die Zufriedenheit des Kunden ist unsere h\u00f6chste Priorit\u00e4t.&#8221; font_container=&#8221;tag:h3|font_size:20|text_align:left|color:%23606060&#8243; google_fonts=&#8221;font_family:PT%20Sans%20Narrow%3Aregular%2C700|font_style:400%20regular%3A400%3Anormal&#8221; css=&#8221;.vc_custom_1545397578247{margin-right: 0px !important;padding-top: 10px !important;padding-right: 0px !important;}&#8221;][\/mk_custom_box][\/vc_column][vc_column width=&#8221;1\/2&#8243;][mk_custom_box padding_vertical=&#8221;56&#8243; padding_horizental=&#8221;25&#8243; margin_bottom=&#8221;41&#8243; min_height=&#8221;450&#8243; bg_color=&#8221;#ffffff&#8221; bg_image=&#8221;http:\/\/owln.eu\/wp-content\/uploads\/2018\/11\/11441414.jpg&#8221; background_hov_color_style=&#8221;image&#8221; bg_stretch=&#8221;true&#8221;][\/mk_custom_box][\/vc_column][\/vc_row][vc_row fullwidth=&#8221;true&#8221; equal_columns=&#8221;true&#8221; column_padding=&#8221;5&#8243; css=&#8221;.vc_custom_1542456689686{margin-top: 0px !important;margin-right: 0px !important;margin-bottom: 0px !important;margin-left: 0px !important;padding-top: 0px !important;padding-right: 20px !important;padding-bottom: 0px !important;padding-left: 20px !important;background-color: #f4f4f4 !important;}&#8221;][vc_column][\/vc_column][\/vc_row][vc_row fullwidth=&#8221;true&#8221; equal_columns=&#8221;true&#8221; css=&#8221;.vc_custom_1542291955152{margin-top: 0px !important;margin-right: 0px !important;margin-bottom: 0px !important;margin-left: 0px !important;padding-top: 0px !important;padding-right: 20px !important;padding-bottom: 0px !important;padding-left: 20px !important;background-color: #f4f4f4 !important;}&#8221;][vc_column width=&#8221;1\/2&#8243;][mk_custom_box padding_vertical=&#8221;56&#8243; padding_horizental=&#8221;25&#8243; margin_bottom=&#8221;41&#8243; min_height=&#8221;450&#8243; bg_color=&#8221;#ffffff&#8221; bg_image=&#8221;http:\/\/owln.eu\/wp-content\/uploads\/2018\/10\/zh-d1.jpg&#8221; background_hov_color_style=&#8221;image&#8221; bg_stretch=&#8221;true&#8221;][\/mk_custom_box][\/vc_column][vc_column width=&#8221;1\/2&#8243;][mk_custom_box padding_vertical=&#8221;40&#8243; padding_horizental=&#8221;40&#8243; margin_bottom=&#8221;0&#8243; min_height=&#8221;450&#8243; bg_color=&#8221;#ffffff&#8221; background_hov_color_style=&#8221;image&#8221; bg_stretch=&#8221;true&#8221;][vc_custom_heading text=&#8221;Bahntransporte \u00fcber die Ukraine, \u00fcber Ungarn, Polen, \u00fcber die GUS-L\u00e4nder, G\u00fctertransporte zu den H\u00e4fen des Asowschen und des Schwarzen Meeres, zu den H\u00e4fen Lettlands.&#8221; font_container=&#8221;tag:h2|font_size:26|text_align:left|color:%23c10000|line_height:bold&#8221; google_fonts=&#8221;font_family:PT%20Sans%20Narrow%3Aregular%2C700|font_style:700%20bold%20regular%3A700%3Anormal&#8221; css_animation=&#8221;left-to-right&#8221;][mk_divider style=&#8221;thin_solid&#8221; divider_width=&#8221;custom_width&#8221; custom_width=&#8221;87&#8243; align=&#8221;left&#8221; thin_single_color=&#8221;#c10000&#8243; thickness=&#8221;3&#8243; margin_top=&#8221;15&#8243; margin_bottom=&#8221;15&#8243; animation=&#8221;left-to-right&#8221;][vc_custom_heading text=&#8221;\u2022 G\u00fctertransporte \u00fcber die Bahn<br \/>\n\u2022 Wagenparkverwaltung f\u00fcr Kunden<br \/>\n\u2022 Getreidetransporte<br \/>\n\u2022 Informationsbegleitung \u00fcber die ganze Transportdauer<br \/>\n\u2022 Entwicklung von logistischen L\u00f6sungen<br \/>\n\u2022 Wagenreparaturen<br \/>\n\u2022 Umladen, Umschlag in H\u00e4fen&#8221; font_container=&#8221;tag:h2|font_size:24|text_align:left|color:%23606060&#8243; google_fonts=&#8221;font_family:PT%20Sans%20Narrow%3Aregular%2C700|font_style:400%20regular%3A400%3Anormal&#8221; css_animation=&#8221;fadeInRightBig&#8221; css=&#8221;.vc_custom_1545397624437{margin-right: 0px !important;padding-top: 10px !important;padding-right: 0px !important;}&#8221;][\/mk_custom_box][\/vc_column][\/vc_row][vc_row fullwidth=&#8221;true&#8221; equal_columns=&#8221;true&#8221; css=&#8221;.vc_custom_1542291955152{margin-top: 0px !important;margin-right: 0px !important;margin-bottom: 0px !important;margin-left: 0px !important;padding-top: 0px !important;padding-right: 20px !important;padding-bottom: 0px !important;padding-left: 20px !important;background-color: #f4f4f4 !important;}&#8221;][vc_column width=&#8221;1\/2&#8243;][mk_custom_box padding_vertical=&#8221;40&#8243; padding_horizental=&#8221;40&#8243; margin_bottom=&#8221;0&#8243; min_height=&#8221;450&#8243; bg_color=&#8221;#ffffff&#8221; background_hov_color_style=&#8221;image&#8221; bg_stretch=&#8221;true&#8221;][vc_custom_heading text=&#8221;Wir sind rund um die Uhr f\u00fcr Sie da&#8221; font_container=&#8221;tag:h2|font_size:26|text_align:left|color:%23c10000|line_height:bold&#8221; google_fonts=&#8221;font_family:PT%20Sans%20Narrow%3Aregular%2C700|font_style:700%20bold%20regular%3A700%3Anormal&#8221; css_animation=&#8221;left-to-right&#8221;][mk_divider style=&#8221;thin_solid&#8221; divider_width=&#8221;custom_width&#8221; custom_width=&#8221;87&#8243; align=&#8221;left&#8221; thin_single_color=&#8221;#c10000&#8243; thickness=&#8221;3&#8243; margin_top=&#8221;15&#8243; margin_bottom=&#8221;15&#8243; animation=&#8221;left-to-right&#8221;][vc_custom_heading text=&#8221;Unser einmaliges Dispatch-Zentrum ist rund um die Uhr f\u00fcr Sie da. Hier wird die Information \u00fcber die Wagen in ganz Eurasien gesammelt und analysiert. Hier werden pro Tag 500 bis 800 Beladungen bearbeitet, die Anfragen werden sofort beantwortet. Beliebige \u00c4nderungen in der Zugarbeit werden in weniger als 5 Minuten erfasst und gel\u00f6st.&#8221; font_container=&#8221;tag:h2|font_size:24|text_align:left|color:%23606060&#8243; google_fonts=&#8221;font_family:PT%20Sans%20Narrow%3Aregular%2C700|font_style:400%20regular%3A400%3Anormal&#8221; css_animation=&#8221;fadeInRightBig&#8221; css=&#8221;.vc_custom_1545397651368{margin-right: 0px !important;padding-top: 10px !important;padding-right: 0px !important;}&#8221;][\/mk_custom_box][\/vc_column][vc_column width=&#8221;1\/2&#8243;][mk_custom_box padding_vertical=&#8221;56&#8243; padding_horizental=&#8221;25&#8243; margin_bottom=&#8221;41&#8243; min_height=&#8221;450&#8243; bg_color=&#8221;#ffffff&#8221; bg_image=&#8221;http:\/\/owln.eu\/wp-content\/uploads\/2018\/10\/4k-3d-globe-earth-network-creative-besthqwallpapers.com-1600&#215;1200.jpg&#8221; background_hov_color_style=&#8221;image&#8221; bg_stretch=&#8221;true&#8221;][\/mk_custom_box][\/vc_column][\/vc_row][vc_row fullwidth=&#8221;true&#8221; equal_columns=&#8221;true&#8221; css=&#8221;.vc_custom_1542291955152{margin-top: 0px !important;margin-right: 0px !important;margin-bottom: 0px !important;margin-left: 0px !important;padding-top: 0px !important;padding-right: 20px !important;padding-bottom: 0px !important;padding-left: 20px !important;background-color: #f4f4f4 !important;}&#8221;][vc_column width=&#8221;1\/2&#8243;][mk_custom_box padding_vertical=&#8221;56&#8243; padding_horizental=&#8221;25&#8243; margin_bottom=&#8221;41&#8243; min_height=&#8221;450&#8243; bg_color=&#8221;#ffffff&#8221; bg_image=&#8221;http:\/\/owln.eu\/wp-content\/uploads\/2017\/03\/111.jpg&#8221; background_hov_color_style=&#8221;image&#8221; bg_stretch=&#8221;true&#8221;][\/mk_custom_box][\/vc_column][vc_column width=&#8221;1\/2&#8243;][mk_custom_box padding_vertical=&#8221;40&#8243; padding_horizental=&#8221;40&#8243; margin_bottom=&#8221;0&#8243; min_height=&#8221;450&#8243; bg_color=&#8221;#ffffff&#8221; background_hov_color_style=&#8221;image&#8221; bg_stretch=&#8221;true&#8221;][vc_custom_heading text=&#8221;Allseitige Instandhaltung&#8221; font_container=&#8221;tag:h2|font_size:26|text_align:left|color:%23c10000|line_height:bold&#8221; google_fonts=&#8221;font_family:PT%20Sans%20Narrow%3Aregular%2C700|font_style:700%20bold%20regular%3A700%3Anormal&#8221; css_animation=&#8221;left-to-right&#8221;][mk_divider style=&#8221;thin_solid&#8221; divider_width=&#8221;custom_width&#8221; custom_width=&#8221;87&#8243; align=&#8221;left&#8221; thin_single_color=&#8221;#c10000&#8243; thickness=&#8221;3&#8243; margin_top=&#8221;15&#8243; margin_bottom=&#8221;15&#8243; animation=&#8221;left-to-right&#8221;][vc_custom_heading text=&#8221;\u2022 Gesamtreparaturen, Depot-Reparaturen, laufende Reparaturen in Depots bzw. in Spezialwerkst\u00e4tten.<br \/>\n\u2022 Vorbereitung der Wagen f\u00fcr die Beladung in Eigenhand (Betriebsnummer 4284 im Register des Bahninfozentrums) bzw. in Wagendepots<br \/>\n\u2022 Technische Pr\u00fcfung der Wagen mit Zulassungsverl\u00e4ngerung und nachfolgenden Reparaturen in der Ukraine.&#8221; font_container=&#8221;tag:h2|font_size:24|text_align:left|color:%23606060&#8243; google_fonts=&#8221;font_family:PT%20Sans%20Narrow%3Aregular%2C700|font_style:400%20regular%3A400%3Anormal&#8221; css_animation=&#8221;fadeInRightBig&#8221; css=&#8221;.vc_custom_1547729408353{margin-right: 0px !important;padding-top: 10px !important;padding-right: 0px !important;}&#8221;][\/mk_custom_box][\/vc_column][\/vc_row][mk_page_section bg_image=&#8221;http:\/\/owln.eu\/wp-content\/uploads\/2018\/10\/66666.jpg&#8221; bg_color=&#8221;#c11111&#8243; blend_mode=&#8221;multiply&#8221; bg_position=&#8221;center center&#8221; bg_repeat=&#8221;no-repeat&#8221; bg_stretch=&#8221;true&#8221; enable_3d=&#8221;true&#8221; speed_factor=&#8221;0.9&#8243; min_height=&#8221;700&#8243; padding_top=&#8221;0&#8243; padding_bottom=&#8221;0&#8243; sidebar=&#8221;sidebar-1&#8243;][vc_column][vc_row_inner][vc_column_inner][mk_padding_divider size=&#8221;60&#8243;][mk_fancy_title color=&#8221;#ffffff&#8221; size=&#8221;22&#8243; font_weight=&#8221;bold&#8221; txt_transform=&#8221;none&#8221; margin_bottom=&#8221;0&#8243; font_family=&#8221;none&#8221; animation=&#8221;left-to-right&#8221;]OWLN bef\u00f6rdert internationale G\u00fcter mit der Flotte von 6770 Einheiten, davon 2161 eigene, einschlie\u00dflich G\u00fcterwagen, Halbwagen und Trichter.[\/mk_fancy_title][mk_divider style=&#8221;thin_solid&#8221; divider_width=&#8221;custom_width&#8221; custom_width=&#8221;50&#8243; align=&#8221;left&#8221; thin_single_color=&#8221;#ffffff&#8221; thickness=&#8221;2&#8243; margin_top=&#8221;10&#8243; visibility=&#8221;hidden-sm&#8221; animation=&#8221;left-to-right&#8221;][mk_fancy_title tag_name=&#8221;h3&#8243; color=&#8221;#ffffff&#8221; size=&#8221;30&#8243; force_font_size=&#8221;true&#8221; size_tablet=&#8221;20&#8243; size_phone=&#8221;26&#8243; font_weight=&#8221;400&#8243; txt_transform=&#8221;none&#8221; margin_top=&#8221;20&#8243; margin_bottom=&#8221;60&#8243; font_family=&#8221;none&#8221; animation=&#8221;left-to-right&#8221;]OWLN besch\u00e4ftigt 167 erfahrene Fachleute und einige der Topmanager waren f\u00fcr das Ministerium f\u00fcr Eisen- und Stahlindustrie der Ukraine t\u00e4tig. Ihre Kompetenz und ihr Wissen wurden bewahrt und aufgebaut, um effizientes, reaktionsfreudiges und kundenorientiertes Gesch\u00e4ft zu f\u00fchren.[\/mk_fancy_title][\/vc_column_inner][\/vc_row_inner][vc_row_inner][vc_column_inner width=&#8221;1\/2&#8243;][mk_custom_list style=&#8221;e2af&#8221; icon_color=&#8221;#ffffff&#8221; margin_bottom=&#8221;0&#8243; animation=&#8221;top-to-bottom&#8221;]\n<ul>\n<li><span style=\"color: #ffffff;\">Transport von G\u00fctern zu den Seeh\u00e4fen Black und Asov.<\/span><\/li>\n<li><span style=\"color: #ffffff;\">Frachtzustellung durch europaweite Korridore mit der Sendung an der Grenze.<\/span><\/li>\n<li><span style=\"color: #ffffff;\">Anordnung von \u00dcbergewicht beliebiger Komplexit\u00e4t im gesamten Inszenierungsbereich.<\/span><\/li>\n<li><span style=\"color: #ffffff;\">Wagenwartung; Organisation und Inspektion aller Arten von Wartungsarbeiten an Eisenbahnausr\u00fcstung.<\/span><\/li>\n<li><span style=\"color: #ffffff;\">Entwicklung von Investitionsprojekten.<\/span><\/li>\n<\/ul>\n[\/mk_custom_list][\/vc_column_inner][vc_column_inner width=&#8221;1\/2&#8243;][mk_custom_list style=&#8221;e2af&#8221; icon_color=&#8221;#ffffff&#8221; margin_bottom=&#8221;0&#8243; animation=&#8221;top-to-bottom&#8221;]\n<ul>\n<li><span style=\"color: #ffffff;\">Suche und Verfolgung von Waggons in der GUS, in Europa und in den baltischen L\u00e4ndern.<\/span><\/li>\n<li><span style=\"color: #ffffff;\">Ganzt\u00e4gige Dienste (24 Stunden) \u00fcber die iPhone- und Android-Anwendungen. <\/span><\/li>\n<li><span style=\"color: #ffffff;\">Osteurop\u00e4ische Transitregelungen.<\/span><\/li>\n<li><span style=\"color: #ffffff;\">Den ganzen Tag (vierundzwanzig Stunden) Suchagentendienste.<\/span><\/li>\n<\/ul>\n[\/mk_custom_list][\/vc_column_inner][\/vc_row_inner][\/vc_column][\/mk_page_section][vc_row fullwidth=&#8221;true&#8221; equal_columns=&#8221;true&#8221; css=&#8221;.vc_custom_1542291955152{margin-top: 0px !important;margin-right: 0px !important;margin-bottom: 0px !important;margin-left: 0px !important;padding-top: 0px !important;padding-right: 20px !important;padding-bottom: 0px !important;padding-left: 20px !important;background-color: #f4f4f4 !important;}&#8221;][vc_column][mk_padding_divider size=&#8221;60&#8243;][\/vc_column][\/vc_row][vc_row fullwidth=&#8221;true&#8221; equal_columns=&#8221;true&#8221; css=&#8221;.vc_custom_1542291955152{margin-top: 0px !important;margin-right: 0px !important;margin-bottom: 0px !important;margin-left: 0px !important;padding-top: 0px !important;padding-right: 20px !important;padding-bottom: 0px !important;padding-left: 20px !important;background-color: #f4f4f4 !important;}&#8221;][vc_column width=&#8221;1\/2&#8243;][mk_custom_box padding_vertical=&#8221;40&#8243; padding_horizental=&#8221;40&#8243; margin_bottom=&#8221;0&#8243; min_height=&#8221;450&#8243; bg_color=&#8221;#ffffff&#8221; background_hov_color_style=&#8221;image&#8221; bg_stretch=&#8221;true&#8221;][vc_custom_heading text=&#8221;Innovationsaktivit\u00e4ten im Zusammenhang mit der Entwicklung neuer Modelle f\u00fcr Eisenbahnfahrzeuge und der Modernisierung bestehender Modelle&#8221; font_container=&#8221;tag:h2|font_size:26|text_align:left|color:%23c10000|line_height:bold&#8221; google_fonts=&#8221;font_family:PT%20Sans%20Narrow%3Aregular%2C700|font_style:700%20bold%20regular%3A700%3Anormal&#8221; css_animation=&#8221;left-to-right&#8221;][mk_divider style=&#8221;thin_solid&#8221; divider_width=&#8221;custom_width&#8221; custom_width=&#8221;87&#8243; align=&#8221;left&#8221; thin_single_color=&#8221;#c10000&#8243; thickness=&#8221;3&#8243; margin_top=&#8221;15&#8243; margin_bottom=&#8221;15&#8243; animation=&#8221;left-to-right&#8221;][vc_custom_heading text=&#8221;Entwicklung neuer und Modernisierung bestehender Waggonmodelle mit folgenden Zielen:<\/p>\n<p>Erh\u00f6hung der Frachtnutzlast und ihrer technischen und wirtschaftlichen Indizes.<br \/>\nErweiterung der Nomenklatur der Transportg\u00fcter und der Funktionalit\u00e4t und Vielseitigkeit.<br \/>\nVerk\u00fcrzung der Frachtbetriebszeiten \u00fcber das Be- und Entladen der Wagen.<br \/>\nTechnologische Wirksamkeit von Ladungsvorg\u00e4ngen und Ladungsbefestigung, Erh\u00f6hung des Sicherheitsniveaus des Personals gegen\u00fcber Be- und Entladevorg\u00e4ngen&#8221; font_container=&#8221;tag:h2|font_size:24|text_align:left|color:%23606060&#8243; google_fonts=&#8221;font_family:PT%20Sans%20Narrow%3Aregular%2C700|font_style:400%20regular%3A400%3Anormal&#8221; css_animation=&#8221;fadeInRightBig&#8221; css=&#8221;.vc_custom_1545398006572{margin-right: 0px !important;padding-top: 10px !important;padding-right: 0px !important;}&#8221;][\/mk_custom_box][\/vc_column][vc_column width=&#8221;1\/2&#8243;][mk_custom_box padding_vertical=&#8221;56&#8243; padding_horizental=&#8221;25&#8243; margin_bottom=&#8221;41&#8243; min_height=&#8221;450&#8243; bg_color=&#8221;#ffffff&#8221; bg_image=&#8221;http:\/\/owln.eu\/wp-content\/uploads\/2018\/11\/10.jpg&#8221; background_hov_color_style=&#8221;image&#8221; bg_stretch=&#8221;true&#8221;][\/mk_custom_box][\/vc_column][\/vc_row]\n<\/section>","protected":false},"excerpt":{"rendered":"<p>[vc_row fullwidth=&#8221;true&#8221; equal_columns=&#8221;true&#8221; css=&#8221;.vc_custom_1542291955152{margin-top: 0px !important;margin-right: 0px !important;margin-bottom: 0px !important;margin-left: 0px !important;padding-top: 0px !important;padding-right: 20px !important;padding-bottom: 0px !important;padding-left: 20px !important;background-color: #f4f4f4 !important;}&#8221;][vc_column width=&#8221;1\/2&#8243;][mk_custom_box padding_vertical=&#8221;40&#8243; padding_horizental=&#8221;40&#8243; margin_bottom=&#8221;0&#8243; min_height=&#8221;450&#8243; bg_color=&#8221;#ffffff&#8221; background_hov_color_style=&#8221;image&#8221; bg_stretch=&#8221;true&#8221;][vc_custom_heading text=&#8221;Unsere Leistungen&#8221; font_container=&#8221;tag:h2|font_size:30|text_align:left|color:%23c10000|line_height:bold&#8221; google_fonts=&#8221;font_family:PT%20Sans%20Narrow%3Aregular%2C700|font_style:700%20bold%20regular%3A700%3Anormal&#8221; css_animation=&#8221;left-to-right&#8221; css=&#8221;.vc_custom_1545397534235{padding-top: 35px !important;}&#8221;][vc_custom_heading text=&#8221;Unser Schwerpunkt liegt vorrangig auf Massenguttransporten wie internationale Transporte f\u00fcr Energie- und Stahlbetriebe (Kohle, Eisenerz, Kalk, Brammen); [&hellip;]<\/p>\n","protected":false},"author":1,"featured_media":0,"parent":0,"menu_order":0,"comment_status":"closed","ping_status":"closed","template":"","meta":{"footnotes":""},"class_list":["post-622","page","type-page","status-publish","hentry"],"_links":{"self":[{"href":"https:\/\/owln.eu\/index.php?rest_route=\/wp\/v2\/pages\/622","targetHints":{"allow":["GET"]}}],"collection":[{"href":"https:\/\/owln.eu\/index.php?rest_route=\/wp\/v2\/pages"}],"about":[{"href":"https:\/\/owln.eu\/index.php?rest_route=\/wp\/v2\/types\/page"}],"author":[{"embeddable":true,"href":"https:\/\/owln.eu\/index.php?rest_route=\/wp\/v2\/users\/1"}],"replies":[{"embeddable":true,"href":"https:\/\/owln.eu\/index.php?rest_route=%2Fwp%2Fv2%2Fcomments&post=622"}],"version-history":[{"count":4,"href":"https:\/\/owln.eu\/index.php?rest_route=\/wp\/v2\/pages\/622\/revisions"}],"predecessor-version":[{"id":646,"href":"https:\/\/owln.eu\/index.php?rest_route=\/wp\/v2\/pages\/622\/revisions\/646"}],"wp:attachment":[{"href":"https:\/\/owln.eu\/index.php?rest_route=%2Fwp%2Fv2%2Fmedia&parent=622"}],"curies":[{"name":"wp","href":"https:\/\/api.w.org\/{rel}","templated":true}]}}